{"id":37,"date":"2023-12-25T22:50:22","date_gmt":"2023-12-25T22:50:22","guid":{"rendered":"https:\/\/rendactijgers.nl\/?page_id=37"},"modified":"2023-12-28T14:23:43","modified_gmt":"2023-12-28T14:23:43","slug":"shop","status":"publish","type":"page","link":"https:\/\/rendactijgers.nl\/?page_id=37","title":{"rendered":"Shop"},"content":{"rendered":"\n<div class=\"wp-block-columns is-layout-flex wp-container-4\">\n<div class=\"wp-block-column is-layout-flow\" style=\"flex-basis:33.33%\">\n<h2 class=\"wp-block-heading\">Rendactijgers SportShirt<\/h2>\n\n\n\n<h1 class=\"wp-block-heading\"><strong>\u20ac<\/strong>69,99<\/h1>\n\n\n\n<p>Investeer in het Offici\u00eble Rendactijgers Sportshirt en ervaar kracht, comfort en stijl in \u00e9\u00e9n. Bestel nu en straal vastberadenheid uit bij elke activiteit!<\/p>\n\n\n\n<div class=\"wp-block-buttons is-layout-flex\">\n<div class=\"wp-block-button\"><a class=\"wp-block-button__link wp-element-button\" href=\"https:\/\/rendactijgers.nl\/?page_id=90\">Naar Product<\/a><\/div>\n<\/div>\n<\/div>\n\n\n\n<div class=\"wp-block-column is-layout-flow\" style=\"flex-basis:66.66%\">\n<figure class=\"wp-block-image size-full\"><img decoding=\"async\" loading=\"lazy\" width=\"720\" height=\"770\" src=\"https:\/\/rendactijgers.nl\/wp-content\/uploads\/2023\/12\/tshirt-voetbal.png\" alt=\"\" class=\"wp-image-85\" srcset=\"https:\/\/rendactijgers.nl\/wp-content\/uploads\/2023\/12\/tshirt-voetbal.png 720w, https:\/\/rendactijgers.nl\/wp-content\/uploads\/2023\/12\/tshirt-voetbal-281x300.png 281w\" sizes=\"(max-width: 720px) 100vw, 720px\" \/><\/figure>\n<\/div>\n<\/div>\n\n\n\n<div class=\"wp-block-columns is-layout-flex wp-container-8\">\n<div class=\"wp-block-column is-layout-flow\" style=\"flex-basis:66.66%\">\n<figure class=\"wp-block-image size-full\"><img decoding=\"async\" loading=\"lazy\" width=\"590\" height=\"590\" src=\"https:\/\/rendactijgers.nl\/wp-content\/uploads\/2023\/12\/1566245.png\" alt=\"\" class=\"wp-image-17\" srcset=\"https:\/\/rendactijgers.nl\/wp-content\/uploads\/2023\/12\/1566245.png 590w, https:\/\/rendactijgers.nl\/wp-content\/uploads\/2023\/12\/1566245-300x300.png 300w, https:\/\/rendactijgers.nl\/wp-content\/uploads\/2023\/12\/1566245-150x150.png 150w\" sizes=\"(max-width: 590px) 100vw, 590px\" \/><\/figure>\n<\/div>\n\n\n\n<div class=\"wp-block-column is-layout-flow\" style=\"flex-basis:33.33%\">\n<h2 class=\"wp-block-heading\">Rendactijgers Stickers 10 stuks wit<\/h2>\n\n\n\n<h1 class=\"wp-block-heading\"><strong>\u20ac<\/strong>2,00<\/h1>\n\n\n\n<p>Ontdek de Rendactijgers Stickers: krachtig statement in 80x80mm! Perfect voor laptops, waterflessen en meer. Duurzaam en weerbestendig. Bestel nu en geef je omgeving een krachtige twist!<\/p>\n\n\n\n<div class=\"wp-block-buttons is-layout-flex\">\n<div class=\"wp-block-button\"><a class=\"wp-block-button__link wp-element-button\">Naar Product<\/a><\/div>\n<\/div>\n<\/div>\n<\/div>\n\n\n\n<div class=\"wp-block-columns is-layout-flex wp-container-12\">\n<div class=\"wp-block-column is-layout-flow\" style=\"flex-basis:33.33%\">\n<h2 class=\"wp-block-heading\">Rendactijgers Stickers 10 stuks Zwart<\/h2>\n\n\n\n<h1 class=\"wp-block-heading\"><strong>\u20ac<\/strong>2,00<\/h1>\n\n\n\n<p><br>Ontdek de Rendactijgers Zwarte Stickers: krachtig statement in 50x50mm! Stijlvol, compact en duurzaam. Upgrade nu je items met deze subtiele blikvanger!<\/p>\n\n\n\n<div class=\"wp-block-buttons is-layout-flex\">\n<div class=\"wp-block-button\"><a class=\"wp-block-button__link wp-element-button\">Naar Product<\/a><\/div>\n<\/div>\n<\/div>\n\n\n\n<div class=\"wp-block-column is-layout-flow\" style=\"flex-basis:66.66%\">\n<figure class=\"wp-block-image size-full\"><img decoding=\"async\" loading=\"lazy\" width=\"590\" height=\"590\" src=\"https:\/\/rendactijgers.nl\/wp-content\/uploads\/2023\/12\/donkerlogo-1.png\" alt=\"\" class=\"wp-image-88\" srcset=\"https:\/\/rendactijgers.nl\/wp-content\/uploads\/2023\/12\/donkerlogo-1.png 590w, https:\/\/rendactijgers.nl\/wp-content\/uploads\/2023\/12\/donkerlogo-1-300x300.png 300w, https:\/\/rendactijgers.nl\/wp-content\/uploads\/2023\/12\/donkerlogo-1-150x150.png 150w\" sizes=\"(max-width: 590px) 100vw, 590px\" \/><\/figure>\n<\/div>\n<\/div>\n","protected":false},"excerpt":{"rendered":"<p> [&hellip;]<\/p>\n","protected":false},"author":1,"featured_media":0,"parent":0,"menu_order":0,"comment_status":"closed","ping_status":"closed","template":"","meta":[],"_links":{"self":[{"href":"https:\/\/rendactijgers.nl\/index.php?rest_route=\/wp\/v2\/pages\/37"}],"collection":[{"href":"https:\/\/rendactijgers.nl\/index.php?rest_route=\/wp\/v2\/pages"}],"about":[{"href":"https:\/\/rendactijgers.nl\/index.php?rest_route=\/wp\/v2\/types\/page"}],"author":[{"embeddable":true,"href":"https:\/\/rendactijgers.nl\/index.php?rest_route=\/wp\/v2\/users\/1"}],"replies":[{"embeddable":true,"href":"https:\/\/rendactijgers.nl\/index.php?rest_route=%2Fwp%2Fv2%2Fcomments&post=37"}],"version-history":[{"count":5,"href":"https:\/\/rendactijgers.nl\/index.php?rest_route=\/wp\/v2\/pages\/37\/revisions"}],"predecessor-version":[{"id":96,"href":"https:\/\/rendactijgers.nl\/index.php?rest_route=\/wp\/v2\/pages\/37\/revisions\/96"}],"wp:attachment":[{"href":"https:\/\/rendactijgers.nl\/index.php?rest_route=%2Fwp%2Fv2%2Fmedia&parent=37"}],"curies":[{"name":"wp","href":"https:\/\/api.w.org\/{rel}","templated":true}]}}